isor of 66 and i?
11
Suppose -4*w = -5*k - 98, -5*w = k - 23 - 114. Calculate the greatest common divisor of 6 and w.
3
Suppose -15*v + 20*v = 35. Let y = -89 - -103. What is the greatest common factor of y and v?
7
Suppose 0 = -5*h - 2*a - 29, -h - 3*h + 3*a - 14 = 0. Let z be 330/4*(-4)/h. Suppose -3*v = 129 - 195. Calculate the greatest common divisor of v and z.
22
Let i = -46 + 160. Suppose 4*k - 2 = i. Suppose -3*g + r = -k - 44, -4*r = 4. Calculate the greatest common divisor of 120 and g.
24
Let s(g) = 100*g**3 + 2*g**2 - 3*g + 1. Let z be s(1). Calculate the highest common divisor of z and 16.
4
Let n = -34 + 4. Let w = 60 + n. What is the greatest common factor of 15 and w?
15
Let z = 1001 - 569. Calculate the greatest common divisor of 32 and z.
16
Let c = 948 - 897. Calculate the greatest common factor of 3 and c.
3
Suppose 2*b + 63 = -b. Let x = b - -48. What is the greatest common divisor of x and 216?
27
Suppose -6*p + 5*p - 5*y = -390, 0 = -y + 3. Suppose 5*x = 4*h - h + p, 3*h = -3*x + 201. What is the greatest common divisor of 8 and x?
8
Let p = -1 - -6. Suppose -2*h = -h - 5*c - 27, 0 = -p*h + 4*c + 30. Calculate the greatest common factor of 2 and h.
2
Let k be (((-10)/6)/5)/(2/(-12)). Suppose -3*f - 13 = -5*i, -3 = 3*f - k*i - i. Calculate the greatest common divisor of 10 and f.
2
Let f be (-4 - -8)*-1 + 54. Calculate the highest common divisor of f and 825.
25
Let s = -41 - -37. Let c be (3/s)/(4/(-128)). Calculate the greatest common divisor of c and 36.
12
Let c = 68 - 34. Suppose d + 3*v = c, d + 18 - 54 = -v. Let b = -10 + d. What is the highest common factor of b and 216?
27
Suppose -17 = -3*u - 2. Suppose 0 = -4*a - 20, 0*r + 3*a = r - 162. Let v be 2/4 - r/(-6). Calculate the highest common divisor of v and u.
5
Let s(z) = -4*z - z**2 + 2*z**2 - 7*z + 12. Let x be s(10). Suppose 3*v - 2*v + x*y - 9 = 0, 0 = v - 2*y - 13. What is the greatest common divisor of 1 and v?
1
Let f = -46 + 172. Calculate the greatest common divisor of 27 and f.
9
Suppose 0 = -12*r + 385 + 2807. What is the greatest common divisor of 38 and r?
38
Let k be 0 - (-1 + 0) - -38. Let x(b) = 5*b**2 - 46*b + 109. Let u be x(6). What is the highest common factor of k and u?
13
Let j = 32 + -24. Let a = -23 + j. Let q(n) = -n**2 - 16*n - 2. Let b be q(a). What is the highest common factor of b and 117?
13
Suppose 899*w + 320 = 931*w. Let i be 90 + (1 - (1 + 0)). Calculate the greatest common divisor of w and i.
10
Let c be (1/2)/((-3)/(-18)). Suppose -96 = o - c*o. What is the highest common factor of 6 and o?
6
Suppose -91*i = -96*i + 60. Calculate the highest common divisor of 588 and i.
12
Let p = 2 + 0. Let c be (-3)/(-3) + p/2. Suppose c*h - 51 = 85. What is the greatest common factor of 17 and h?
17
Let l(t) = t**2 + 1. Let n(p) = 85*p**2 + p - 2. Let k(v) = 4*l(v) + n(v). Let y be k(-1). Calculate the greatest common divisor of y and 36.
18
Suppose -9*z = -6*z - 12. Suppose -3*k - x = z*x - 76, 3*k - x = 82. Calculate the highest common divisor of 6 and k.
3
Suppose 4*u - 63*u = 7*u - 2640. Let x(m) = 2*m**2 + 5*m - 2. Let t be x(-4). What is the greatest common divisor of u and t?
10
Suppose 16*n - 13*n + 2*z = 352, -364 = -3*n + z. What is the greatest common factor of 390 and n?
30
Let q = -46 + 52. Let f be (8 - 26)/(q/(-4)). Calculate the greatest common factor of f and 6.
6
Suppose 2*a - 3*l - 29 = 0, 5*a - l - 4*l - 60 = 0. Suppose 41 = u - 22. Calculate the highest common factor of u and a.
7
Let u(i) = -i**3 - 9*i**2 + 34*i - 14. Let g be u(-12). Calculate the highest common factor of g and 70.
10
Suppose 21*n = 74 + 661. What is the greatest common divisor of 30 and n?
5
Suppose -b = 3*b - 160. Suppose 3*n + 2*v - 7 = 0, -4*v - 17 = -1. Calculate the highest common factor of n and b.
5
Let n be (-6)/(-5 - 14/(-2))*-38. Calculate the greatest common factor of 36 and n.
6
Let q be (-8)/(-2*3/12). Let i be -178*(-4 + 28/8). Let n = i + 87. Calculate the highest common divisor of q and n.
16
Let c = 76 + -73. Let o(r) = 3*r**2 - 5*r + 4. Let v be o(c). Let w be 476/6 + (-2)/(-3). What is the highest common factor of v and w?
16
Let y(q) = q**2 + 17*q - 104. Let p be y(-22). What is the highest common divisor of 642 and p?
6
Let j be (-48133)/(-1143) + (-10)/9. What is the greatest common divisor of j and 1107?
41
Let s be 29 + (-5)/(-7 - -2). Calculate the highest common divisor of 190 and s.
10
Let r be ((-1765)/6)/5 - (-2)/(-12). Let v = -11 - r. What is the greatest common divisor of v and 6?
6
Suppose 5*c - i = 95, 6*c - 2*c + 4*i = 76. What is the highest common factor of 646 and c?
19
Let n(l) = 8*l**2 + 16 + 40*l + l**2 - 7*l**2. Let o be n(-20). What is the highest common factor of 112 and o?
16
Let q(x) = 2*x - 12. Let u be q(21). Calculate the highest common divisor of 70 and u.
10
Let q = 5 + -4. Suppose o - 2*x = x + 16, -o + 5*x = -26. Let i be 14 + -4 + o/(-1). What is the greatest common factor of i and q?
1
Suppose j + 5*c = 0, -6*j + 4*c = -2*j - 96. What is the highest common divisor of 210 and j?
10
Let w be 2/4*(-8 + 0). Let l be (0 + 39/(-6))*w. Suppose 0 = 2*g - l - 12. What is the greatest common divisor of g and 76?
19
Let h be 79 - -4*(-4)/(-48)*-3. What is the greatest common factor of 6 and h?
6
Let v be ((-30)/25)/((-12)/220). Suppose 0 = 4*y - 367 + 59. Calculate the highest common divisor of y and v.
11
Let n be (-4 + 0)*(12 - 30 - 6). Calculate the highest common divisor of 120 and n.
24
Let g(f) = -3*f**2 + 7*f - 5. Let b(j) = -6*j**2 + 15*j - 11. Let y(i) = 2*b(i) - 5*g(i). Let x be y(3). What is the highest common factor of x and 120?
15
Let p = 19001 - 18990. Suppose -r - 4*t = -12, r + 60 = 6*r - 3*t. Suppose 3*u + r = 3*f, u - 1 = -2*f - 2. Calculate the greatest common divisor of f and p.
1
Suppose -5 = -3*d + 4. Let o(b) = b + 2. Let i be o(0). Let n be 1/i*2 + 0. What is the highest common factor of n and d?
1
Suppose -3*q + 12 = 0, -5*q - 1804 = -3*l - 6*q. What is the greatest common divisor of l and 24?
24
Let c be 32 + (2 - 10/2). Let u = -9 + c. Calculate the greatest common divisor of u and 10.
10
Let d(z) = 2*z**3 + 5*z**2 - 7*z + 4. Let k be d(3). What is the greatest common divisor of 656 and k?
82
Suppose -2*k - 16 - 13 = -3*o, 23 = o - 4*k. Suppose o*j + 63 = 4*j. Let d be (14/j)/((-2)/30). What is the greatest common factor of d and 15?
5
Let z = 2 + -11. Let h be (-8)/36 + (-1586)/z. Suppose 0*j + 18 = n + 2*j, 3*n = 2*j + 46. What is the greatest common factor of n and h?
16
Suppose 188 = 5*r - 2*m, 3*m - 47 = -2*r + 13. Calculate the greatest common factor of 90 and r.
18
Suppose -2*k = -5*i - 88, -2*k + 28 = 5*i + 120. Let c(s) = -s**3 - 19*s**2 - 19*s - 13. Let n be c(i). What is the highest common divisor of 10 and n?
5
Let c(z) = 2*z**2 - 33*z + 143. Let k be c(6). What is the highest common factor of 1 and k?
1
Let k(j) = -j - 1. Let q be k(0). Let w be q/(-2 - -4)*-2*20. Calculate the greatest common divisor of 30 and w.
10
Let l be 546/18 + (-1)/3. Let x = 687 + -642. Calculate the highest common factor of l and x.
15
Suppose 0 = 16*k + 7*k - 17940. What is the greatest common divisor of k and 60?
60
Let j be (3157/(-154))/(2/4 - 1). What is the highest common divisor of 2419 and j?
41
Suppose w = -2*w + 27. Let d = -23 + 41. Let t = d + 9. What is the greatest common divisor of w and t?
9
Let o(c) be the first derivative of -7*c + 2/3*c**3 + 5 - c**2. Let k be o(5). What is the greatest common divisor of k and 3?
3
Let d be ((-11)/2)/(29/(-1392)). What is the greatest common factor of d and 33?
33
Let w(c) = -c**2 + 9*c - 4. Let y be w(5). Let r = 20 - y. Suppose 2*h + 10 = r*h. Calculate the highest common factor of 40 and h.
5
Let u(i) = 2*i**3 + 17*i**2 + 11. Let v be u(-8). What is the greatest common divisor of v and 270?
15
Let c = 195 + -130. What is the greatest common factor of 91 and c?
13
Suppose -228 = -4*r + 3*u, -2*r - 6*u + 96 = -3*u. What is the greatest common divisor of 81 and r?
27
Suppose -66*z + 3978 = -57*z. What is the greatest common factor of z and 104?
26
Let w(p) = 15*p - 397. Let b be w(47). Calculate the greatest common divisor of b and 84.
28
Let c be ((-6)/(-21))/(1/133). What is the greatest common divisor of c and 6?
2
Let q be (-247